{"id":454,"date":"2022-10-20T21:10:22","date_gmt":"2022-10-20T19:10:22","guid":{"rendered":"https:\/\/ma-serre.org\/?page_id=454"},"modified":"2022-10-20T21:48:58","modified_gmt":"2022-10-20T19:48:58","slug":"aeration-de-la-serre","status":"publish","type":"page","link":"https:\/\/ma-serre.org\/index.php\/aeration-de-la-serre\/","title":{"rendered":"A\u00e9ration de la serre"},"content":{"rendered":"\n<p>Ce que l&rsquo;on recherche avec une serre, c&rsquo;est \u00e9videmment un \u00ab\u00a0effet de serre\u00a0\u00bb.<br>Pour \u00e9viter le gel en hiver et obtenir une belle augmentation de la temp\u00e9rature en mi-saison, la serre doit \u00eatre suffisamment \u00e9tanche \u00e0 l&rsquo;air.<br>Mais&#8230; Si la temp\u00e9rature augmente vraiment comme cet \u00e9t\u00e9 2022, avec plus de 30 jours au dessus de 34\u00b0 et des pointes d\u00e9passant 40\u00b0, il est imp\u00e9ratif  de pouvoir laisser la serre aussi ouverte que possible.<\/p>\n\n\n\n<p>Pour rester dans le style des panneaux de la piscine qui sont en polycarbonate, je pose des panneaux identiques sur la structure bois au dessus de la plage.<\/p>\n\n\n\n<p> <img loading=\"lazy\" decoding=\"async\" width=\"400\" height=\"300\" class=\"wp-image-460\" style=\"width: 400px;\" src=\"https:\/\/ma-serre.org\/wp-content\/uploads\/2022\/10\/cadres_plastique.png\" alt=\"\" srcset=\"https:\/\/ma-serre.org\/wp-content\/uploads\/2022\/10\/cadres_plastique.png 1200w, https:\/\/ma-serre.org\/wp-content\/uploads\/2022\/10\/cadres_plastique-300x225.png 300w, https:\/\/ma-serre.org\/wp-content\/uploads\/2022\/10\/cadres_plastique-1024x768.png 1024w, https:\/\/ma-serre.org\/wp-content\/uploads\/2022\/10\/cadres_plastique-768x576.png 768w\" sizes=\"auto, (max-width: 400px) 100vw, 400px\" \/><br>cadres plastifi\u00e9s amovibles<\/p>\n\n\n\n<p>\u00e0 suivre&#8230;<\/p>\n","protected":false},"excerpt":{"rendered":"<p>Ce que l&rsquo;on recherche avec une serre, c&rsquo;est \u00e9videmment un \u00ab\u00a0effet de serre\u00a0\u00bb.Pour \u00e9viter le gel en hiver et obtenir une belle augmentation de la temp\u00e9rature en mi-saison, la serre doit \u00eatre suffisamment \u00e9tanche \u00e0 l&rsquo;air.Mais&#8230; Si la temp\u00e9rature augmente &hellip; <a href=\"https:\/\/ma-serre.org\/index.php\/aeration-de-la-serre\/\">Continuer la lecture <span class=\"meta-nav\">&rarr;<\/span><\/a><\/p>\n","protected":false},"author":1,"featured_media":0,"parent":0,"menu_order":0,"comment_status":"closed","ping_status":"closed","template":"","meta":{"footnotes":""},"class_list":["post-454","page","type-page","status-publish","hentry"],"_links":{"self":[{"href":"https:\/\/ma-serre.org\/index.php\/wp-json\/wp\/v2\/pages\/454","targetHints":{"allow":["GET"]}}],"collection":[{"href":"https:\/\/ma-serre.org\/index.php\/wp-json\/wp\/v2\/pages"}],"about":[{"href":"https:\/\/ma-serre.org\/index.php\/wp-json\/wp\/v2\/types\/page"}],"author":[{"embeddable":true,"href":"https:\/\/ma-serre.org\/index.php\/wp-json\/wp\/v2\/users\/1"}],"replies":[{"embeddable":true,"href":"https:\/\/ma-serre.org\/index.php\/wp-json\/wp\/v2\/comments?post=454"}],"version-history":[{"count":3,"href":"https:\/\/ma-serre.org\/index.php\/wp-json\/wp\/v2\/pages\/454\/revisions"}],"predecessor-version":[{"id":464,"href":"https:\/\/ma-serre.org\/index.php\/wp-json\/wp\/v2\/pages\/454\/revisions\/464"}],"wp:attachment":[{"href":"https:\/\/ma-serre.org\/index.php\/wp-json\/wp\/v2\/media?parent=454"}],"curies":[{"name":"wp","href":"https:\/\/api.w.org\/{rel}","templated":true}]}}